 prime factors of 141727.
239, 593
List the prime factors of 2485841.
467, 5323
What are the prime factors of 15647273?
15647273
List the prime factors of 219306.
2, 3, 36551
What are the prime factors of 11489617?
131, 229, 383
What are the prime factors of 848440?
2, 5, 21211
What are the prime factors of 8427325?
5, 17, 79, 251
List the prime factors of 3122591.
163, 19157
List the prime factors of 7968616.
2, 37, 26921
What are the prime factors of 122320?
2, 5, 11, 139
List the prime factors of 1206251.
79, 15269
What are the prime factors of 3801403?
3801403
What are the prime factors of 7855863?
3, 139, 18839
List the prime factors of 1834889.
7, 262127
What are the prime factors of 977939?
431, 2269
List the prime factors of 1049695.
5, 209939
List the prime factors of 196043.
196043
List the prime factors of 1492440.
2, 3, 5, 12437
List the prime factors of 887297.
37, 23981
List the prime factors of 33983876.
2, 8495969
List the prime factors of 1736930.
2, 5, 13, 31, 431
List the prime factors of 3002566.
2, 7, 214469
What are the prime factors of 190763?
190763
What are the prime factors of 265345?
5, 53069
What are the prime factors of 11659067?
7, 1665581
What are the prime factors of 165998?
2, 7, 71, 167
What are the prime factors of 105736?
2, 13217
What are the prime factors of 36976131?
3, 29, 141671
List the prime factors of 18797543.
197, 95419
What are the prime factors of 272124?
2, 3, 7559
What are the prime factors of 2579040?
2, 3, 5, 199
List the prime factors of 29825866.
2, 7, 167, 12757
What are the prime factors of 947707?
947707
What are the prime factors of 2339103?
3, 13, 37, 1621
What are the prime factors of 1994167?
7, 284881
What are the prime factors of 2459163?
3, 7, 16729
What are the prime factors of 1216586?
2, 7, 67, 1297
List the prime factors of 2040080.
2, 5, 7, 3643
What are the prime factors of 1786274?
2, 7, 127591
List the prime factors of 232782.
2, 3, 11, 3527
What are the prime factors of 111578?
2, 47, 1187
List the prime factors of 483992.
2, 101, 599
What are the prime factors of 10798?
2, 5399
What are the prime factors of 213087?
3, 7, 73, 139
List the prime factors of 237161.
237161
List the prime factors of 1847162.
2, 923581
What are the prime factors of 8714275?
5, 348571
List the prime factors of 4406133.
3, 23, 63857
List the prime factors of 1589127.
3, 529709
List the prime factors of 717597.
3, 71, 1123
What are the prime factors of 2765087?
13, 227, 937
List the prime factors of 3334542.
2, 3, 311, 1787
List the prime factors of 35218283.
35218283
List the prime factors of 80922.
2, 3, 13487
What are the prime factors of 1511844?
2, 3, 17, 7411
What are the prime factors of 6730704?
2, 3, 43, 1087
List the prime factors of 2070633.
3, 167, 4133
List the prime factors of 868288.
2, 13567
List the prime factors of 3500044.
2, 875011
List the prime factors of 150220.
2, 5, 7, 29, 37
What are the prime factors of 238346?
2, 119173
What are the prime factors of 48772?
2, 89, 137
What are the prime factors of 380495?
5, 76099
What are the prime factors of 5946669?
3, 59, 3733
What are the prime factors of 278716?
2, 59, 1181
What are the prime factors of 172921?
7, 3529
List the prime factors of 2722224.
2, 3, 56713
What are the prime factors of 4083110?
2, 5, 408311
What are the prime factors of 42940?
2, 5, 19, 113
List the prime factors of 284261.
284261
What are the prime factors of 436324?
2, 7, 15583
List the prime factors of 80764.
2, 61, 331
List the prime factors of 487546.
2, 317, 769
What are the prime factors of 474392?
2, 19, 3121
What are the prime factors of 4398280?
2, 5, 31, 3547
List the prime factors of 21195727.
7, 653, 4637
What are the prime factors of 8886944?
2, 11, 25247
What are the prime factors of 624941?
229, 2729
List the prime factors of 789297.
3, 307, 857
List the prime factors of 199835.
5, 17, 2351
List the prime factors of 576141.
3, 192047
What are the prime factors of 1529721?
3, 29, 5861
What are the prime factors of 114173?
29, 31, 127
What are the prime factors of 400992?
2, 3, 4177
List the prime factors of 761554.
2, 380777
List the prime factors of 521120.
2, 5, 3257
List the prime factors of 136053.
3, 5039
List the prime factors of 15433584.
2, 3, 67, 4799
List the prime factors of 4201486.
2, 2100743
List the prime factors of 2692517.
89, 30253
What are the prime factors of 393809?
13, 30293
List the prime factors of 3030025.
5, 19, 6379
List the prime factors of 2569707.
3, 7, 5827
What are the prime factors of 8213766?
2, 3, 11, 97, 1283
List the prime factors of 10763359.
10763359
What are the prime factors of 200451?
3, 109, 613
List the prime factors of 3229530.
2, 3, 5, 83, 1297
What are the prime factors of 27165222?
2, 3, 7, 167, 1291
What are the prime factors of 162958?
2, 59, 1381
List the prime factors of 266099.
266099
What are the prime factors of 84336?
2, 3, 7, 251
What are the prime factors of 1855933?
1855933
What are the prime factors of 5662?
2, 19, 149
List the prime factors of 3996892.
2, 31, 32233
What are the prime factors of 9792869?
31, 315899
What are the prime factors of 2099023?
167, 12569
What are the prime factors of 554623?
151, 3673
List the prime factors of 240636.
2, 3, 11, 1823
List the prime factors of 2129968.
2, 239, 557
What are the prime factors of 20481?
3, 6827
List the prime factors of 1704538.
2, 11, 77479
List the prime factors of 9403791.
3, 3134597
What are the prime factors of 7949959?
1097, 7247
List the prime factors of 1021674.
2, 3, 170279
List the prime factors of 1982347.
23, 79, 1091
What are the prime factors of 6256024?
2, 782003
What are the prime factors of 6737125?
5, 53897
List the prime factors of 358331.
358331
What are the prime factors of 15671079?
3, 1741231
What are the prime factors of 21206564?
2, 71, 89, 839
List the prime factors of 1112430.
2, 3, 5, 11, 3371
List the prime factors of 816882.
2, 3, 11, 12377
What are the prime factors of 190229?
13, 14633
List the prime factors of 768950.
2, 5, 7, 13
List the prime factors of 2132067.
3, 7, 101527
What are the prime factors of 1781338?
2, 13, 131, 523
What are the prime factors of 1219612?
2, 304903
List the prime factors of 39313.
39313
What are the prime factors of 295100?
2, 5, 13, 227
List the prime factors of 7208326.
2, 3604163
List the prime factors of 743224.
2, 61, 1523
List the prime factors of 4322574.
2, 3, 23, 53, 197
What are the prime factors of 15798495?
3, 5, 1053233
What are the prime factors of 555180?
2, 3, 5, 19, 487
List the prime factors of 3458332.
2, 864583
List the prime factors of 687012.
2, 3, 57251
What are the prime factors of 89928?
2, 3, 1249
List the prime factors of 29101.
29101
What are the prime factors of 639282?
2, 3, 7, 31, 491
List the prime factors of 105376.
2, 37, 89
List the prime factors of 1015988.
2, 17, 67, 223
What are the prime factors of 18955876?
2, 4738969
List the prime factors of 1656302.
2, 173, 4787
List the prime factors of 7011269.
439, 15971
List the prime factors of 597085.
5, 119417
List the prime factors of 14531.
11, 1321
List the prime factors of 131482.
2, 13, 389
What are the prime factors of 718219?
19, 103, 367
What are the prime factors of 12411333?
3, 11, 29, 131
What are the prime factors of 10276400?
2, 5, 23, 1117
List the prime factors of 9559231.
11, 869021
What are the prime factors of 25557846?
2, 3, 4259641
What are the prime factors of 19658357?
19658357
What are the prime factors of 472706?
2, 13, 18181
What are the prime factors of 4669034?
2, 31, 75307
List the prime factors of 82406.
2, 41203
What are the prime factors of 2384217?
3, 11, 24083
List the prime factors of 11422260.
2, 3, 5, 23, 31, 89
What are the prime factors of 1311736?
2, 23, 7129
List the prime factors of 806924.
2, 201731
What are the prime factors of 237138?
2, 3, 11, 3593
What are the prime factors of 237081?
3, 13, 6079
List the prime factors of 15866852.
2, 433, 9161
What are the prime factors of 6766175?
5, 13, 109, 191
What are the prime factors of 1178470?
2, 5, 191, 617
List the prime factors of 4245521.
7, 606503
What are the prime factors of 4677258?
2, 3, 779543
What are the prime factors of 4731146?
2, 7, 23, 2099
What are the prime factors of 60